{"version":"1.0","provider_name":"DTLS","provider_url":"https:\/\/www.dtlslimousine.com\/tr\/","author_name":"\u015euayip Ekmekci","author_url":"https:\/\/www.dtlslimousine.com\/tr\/author\/suayip\/","title":"Mercedes-Benz EQV - DTLS","type":"rich","width":600,"height":338,"html":"<blockquote class=\"wp-embedded-content\" data-secret=\"Y60ymBqNGt\"><a href=\"https:\/\/www.dtlslimousine.com\/tr\/car\/mercedes-benz-eqv\/\">Mercedes-Benz EQV<\/a><\/blockquote><iframe sandbox=\"allow-scripts\" security=\"restricted\" src=\"https:\/\/www.dtlslimousine.com\/tr\/car\/mercedes-benz-eqv\/embed\/#?secret=Y60ymBqNGt\" width=\"600\" height=\"338\" title=\"&#8220;Mercedes-Benz EQV&#8221; &#8212; DTLS\" data-secret=\"Y60ymBqNGt\" frameborder=\"0\" marginwidth=\"0\" marginheight=\"0\" scrolling=\"no\" class=\"wp-embedded-content\"><\/iframe><script type=\"text\/javascript\">\n\/* <![CDATA[ *\/\n\/*! This file is auto-generated *\/\n!function(d,l){\"use strict\";l.querySelector&&d.addEventListener&&\"undefined\"!=typeof URL&&(d.wp=d.wp||{},d.wp.receiveEmbedMessage||(d.wp.receiveEmbedMessage=function(e){var t=e.data;if((t||t.secret||t.message||t.value)&&!\/[^a-zA-Z0-9]\/.test(t.secret)){for(var s,r,n,a=l.querySelectorAll('iframe[data-secret=\"'+t.secret+'\"]'),o=l.querySelectorAll('blockquote[data-secret=\"'+t.secret+'\"]'),c=new RegExp(\"^https?:$\",\"i\"),i=0;i<o.length;i++)o[i].style.display=\"none\";for(i=0;i<a.length;i++)s=a[i],e.source===s.contentWindow&&(s.removeAttribute(\"style\"),\"height\"===t.message?(1e3<(r=parseInt(t.value,10))?r=1e3:~~r<200&&(r=200),s.height=r):\"link\"===t.message&&(r=new URL(s.getAttribute(\"src\")),n=new URL(t.value),c.test(n.protocol))&&n.host===r.host&&l.activeElement===s&&(d.top.location.href=t.value))}},d.addEventListener(\"message\",d.wp.receiveEmbedMessage,!1),l.addEventListener(\"DOMContentLoaded\",function(){for(var e,t,s=l.querySelectorAll(\"iframe.wp-embedded-content\"),r=0;r<s.length;r++)(t=(e=s[r]).getAttribute(\"data-secret\"))||(t=Math.random().toString(36).substring(2,12),e.src+=\"#?secret=\"+t,e.setAttribute(\"data-secret\",t)),e.contentWindow.postMessage({message:\"ready\",secret:t},\"*\")},!1)))}(window,document);\n\/* ]]> *\/\n<\/script>\n","thumbnail_url":"https:\/\/www.dtlslimousine.com\/wp-content\/uploads\/2024\/05\/MB-EQV.jpg","thumbnail_width":540,"thumbnail_height":277,"description":"DTLS Limousine &#038; Travel&#8217;\u0131n \u015fof\u00f6rle Mercedes-Benz EQV ile ger\u00e7ekle\u015ftirdi\u011fi l\u00fcks seyahatin zirvesini ya\u015fay\u0131n. Filomuz, \u00e7evreye duyarl\u0131l\u0131kla e\u015fsiz konforu bir araya getirerek l\u00fcks ula\u015f\u0131m\u0131n yeni standartlar\u0131n\u0131 belirliyor. Premium malzemeler ve son teknoloji \u00f6zelliklerle donat\u0131lm\u0131\u015f geni\u015f ve \u00f6zenle tasarlanm\u0131\u015f i\u00e7 mekana ad\u0131m at\u0131n, hem kurumsal hem de dinlenme ama\u00e7l\u0131 m\u00fc\u015fteriler i\u00e7in uyarlanm\u0131\u015f ayr\u0131cal\u0131kl\u0131 hizmetlerin keyfini \u00e7\u0131kar\u0131n. Geli\u015fmi\u015f... Devam\u0131"}

Şuayip Ekmekci

DTLS Limousine &#038; Travel&#8217;ın şoförle Mercedes-Benz EQV ile gerçekleştirdiği lüks seyahatin zirvesini yaşayın. Filomuz, çevreye duyarlılıkla eşsiz konforu bir araya getirerek lüks ulaşımın yeni standartlarını belirliyor. Premium malzemeler ve son teknoloji özelliklerle donatılmış geniş ve özenle tasarlanmış iç mekana adım atın, hem kurumsal hem de dinlenme amaçlı müşteriler için uyarlanmış ayrıcalıklı hizmetlerin keyfini çıkarın. Gelişmiş... Devamı
